etermine p(x).
-5
Let d = 2153 - 2155. Let x(r) be the second derivative of -r**5/10 - r**4/4 - r**3/2 - r**2 - r. Calculate x(d).
8
Let o(t) = -3*t**3 + 3*t**2 - t. Let z be (-84)/22 + 6/(-33). Let v(j) = j**3 - j. Let l(w) = z*v(w) - o(w). Determine l(-4).
-4
Let z(u) = 7*u**2 + 1. Suppose 4*b + 5*k - 23 = 0, 3*b - 12 = -k - k. Suppose -f - 3*g = 10, 2*g = -b*f - 11 + 3. What is z(f)?
8
Let w(p) = 2*p**3 + 2*p**2 + p - 1. Let c(r) = -9*r**3 - 18*r**2 - 11*r + 17. Let d(h) = c(h) + 4*w(h). Suppose -45 = 2*v + 3*v. Calculate d(v).
-5
Let c be (-5)/10 + 14/4. Let z(p) = 1 - 2 + c*p - 7*p + 3*p. Give z(-8).
7
Let f(k) be the first derivative of -k**2/2 + 4*k + 1. Suppose -10*m + 60 = -0*m. Suppose 2*n + 13 = -g, -4*g = 2*n - m*n - 20. Determine f(n).
10
Let p(b) = -b**2 - 5*b + 5. Let h be (49 - 1)*6/9. Let m = -23 + h. Suppose 5*n = 2*d - 31, -m - 5 = n - 3*d. Determine p(n).
5
Let h = -7 - -11. Suppose -6 = -5*u - b, 2*b - 4*b + h = 2*u. Let o(p) = 4*p + 1. Calculate o(u).
5
Let z(o) = -o**3 + 14*o**2 - 11*o + 4. Let a be z(12). Suppose -a = -12*t + 7*t. Let m = t - 33. Let w(i) = -i**3 - 2*i**2 - 2*i - 1. Determine w(m).
0
Let l = 1354 + -1341. Let n(o) = o**3 - 14*o**2 + 16*o - 33. Calculate n(l).
6
Let m(a) = -a**3 + 5*a**2 - 5. Let h be 20/(-8)*16/(-20). Let y be 24/(1 + 3) - (h - 1). Determine m(y).
-5
Suppose 27 + 33 = -4*y + 4*k, 5*y + 5*k + 125 = 0. Let r = -25 - y. Let a(w) = w**3 + 6*w**2 + 2*w - 4. Give a(r).
11
Let q(j) = 4*j - 14*j + 8 - j**2 + 1. Calculate q(-11).
-2
Suppose 0 = 4*k - 4, 0 = -4*l + 5*k - 5. Let n(a) = 3*a - 9. Let w(g) = -5*g + 14. Let h(c) = 8*n(c) + 5*w(c). Calculate h(l).
-2
Let o = 231 - 230. Suppose -3*u = u - 8. Let x(f) = -1 + 5*f + u*f + 0. What is x(o)?
6
Let o(f) be the second derivative of 2*f**3/3 - f**2/2 + f. Suppose 1048 = 3*c + 5*c. Let v = -130 + c. What is o(v)?
3
Let p = -29 - -29. Let b(w) = -w**3 + w - 5. Give b(p).
-5
Let f(c) = 3*c - c - 28*c - 4 + 32*c. What is f(-3)?
-22
Let y(j) = j + 5. Let k = -7 + 14. Suppose -w = -1 + k. Give y(w).
-1
Let s(z) = 3*z**2 + 5*z + 4. Suppose -11 = 2*p + 5*h, -5*p - 3*h - 10 = -8*h. Determine s(p).
16
Suppose 4*w - 41 + 17 = -4*r, -4*w + 2*r = -12. Let p(b) = -b**3 + 2*b**2 + 9*b - 1. Let o be p(w). Let g(i) = -i - 1 + 1 + 0*i - 1. What is g(o)?
-4
Suppose -x + 0 = -3. Let m(j) = 2*j**2 + 3*j**3 - 6 + 3*j**2 - 4*j**x + 5*j. Let f be (-7)/(14/(-18)) - 3. Determine m(f).
-12
Suppose 3*p = 4*a + 132 - 103, -3*p = 2*a + 1. Let l(i) = i**2 + 2*i - 7. Calculate l(a).
8
Let l(i) = 2*i - 11. Let h(p) = 2*p - 11. Let b(s) = 5*h(s) - 6*l(s). Let g = 50 + -42. Determine b(g).
-5
Let i(f) = -f**3 + 3*f**2 + 10*f + 5. Let v be i(5). Let q(h) = 0*h**3 + v + 7*h + 7*h**2 + 2*h**3 - h**3. Determine q(-6).
-1
Let h(o) = -o**3 - 3*o**2 + 2. Suppose 3*v + 2*x = 6*x - 4, 0 = 3*x - 3. Let c = v - -6. Suppose -3*a + 0 = c. Determine h(a).
-2
Let c = -89 - -86. Let f(r) = r + 1. Let i(a) = -a**3 - 3*a**2 - 2*a - 2. Let z(x) = -6*f(x) - i(x). What is z(c)?
8
Let i(n) = 2*n - 7. Let u be 4/(-14) + (-69)/(-21). Let a be (5/2)/(u/6). Determine i(a).
3
Let j(x) = -6*x**2 - 12*x - 9. Let q be j(-5). Let l = -101 - q. Let t(f) be the first derivative of f**4/2 + 2*f**3/3 - f**2/2 - 2*f + 1. Give t(l).
-8
Let z be (-1 - (13/(-3) - -2))*3. Let i(n) = z*n - 3 - 4*n - n - 10. Give i(-8).
-5
Let z(n) = -3*n + 18. Let b(p) = 1. Let w(i) = -15*b(i) + z(i). Suppose -21*q + 845 + 105 = 169*q. Calculate w(q).
-12
Let g(z) = -z**3 + z**2 - z + 1. Let t(u) = u**3 + 8*u**2 - 12*u - 2. Let h(b) = -b**3 + b. Let i(a) = 3*h(a) + t(a). Let d(r) = -3*g(r) + i(r). What is d(-6)?
-5
Suppose -3*w = 2*p - 10, -4*w - 3*p + 12 = -2. Let h(i) = 7*i - i**w + 3 - 2 - 9*i. Let v(k) = 2*k**2 + 3*k - 1. Let y(f) = 3*h(f) + 2*v(f). Calculate y(-3).
10
Let m = -180 - -186. Let g(y) be the second derivative of m*y - 1/6*y**3 + 1/4*y**4 - 1/2*y**2 + 0. Calculate g(-1).
3
Let t(o) be the second derivative of 2/3*o**4 + 7/6*o**3 + 0 - o**2 + 21*o + 1/20*o**5. Calculate t(-7).
-2
Let u(y) be the first derivative of -8*y**3/3 - 5*y**2/2 - 5*y + 161. Give u(-2).
-27
Let k = -54 + 49. Let d(g) = -g**2 - 6*g - 3. Let r be d(-3). Let p(l) = -6*l + 2*l - l**2 + r - 2*l. Calculate p(k).
11
Let i(t) be the second derivative of -t**5/20 + 5*t**4/4 - 2*t**3 - 3*t**2 + 15*t - 4. What is i(14)?
22
Let o(v) be the third derivative of -v**4/24 - 3*v**2 + 13. Let k(l) = l - 12. Let r be k(6). Give o(r).
6
Let o(w) = 6 + 9*w - 4*w + 3*w - 5*w + 5. Determine o(-2).
5
Let r(k) = -k**2 - 5*k + 3. Suppose -5*l + 15 = 3*g, -12*g - 4*l = -7*g - 25. Suppose -2*v - 2*q = -g*q, -v - 22 = 4*q. What is r(v)?
-3
Let c(l) = -l**3 - 4*l**2 + 3*l - 1. Let v be 0/(8 + (-4 - 0)). Suppose 2*g + v = -8. Determine c(g).
-13
Let m(q) = 1 + 0*q**2 - q**2 - 4*q**2. Let k(i) = 2*i**2 + 6*i - 139. Let g be k(7). Give m(g).
-4
Let x(s) = 3*s - 3. Let q(j) = -j**2 + 5*j - 7. Let k(n) = -2*q(n) + 5*x(n). Let a(c) = 81*c + 238. Let b be a(-3). Give k(b).
24
Let i(c) = -2*c - 1. Let n be i(1). Let v be 1*(n + 2 + 1). Let l(x) = 7*x**2 - 9*x - 2. Let t(f) = -2*f**2 + 2*f + 1. Let o(w) = l(w) + 4*t(w). Determine o(v).
2
Let o(v) = -v**3 + 3*v**2 + 6*v - 8. Let n be o(4). Let r(t) = -7*t**2 - 2*t**2 + 5 + t + 8*t**2. What is r(n)?
5
Let j(b) = b. Let v(i) = i**3 - 12*i**2 - 13*i + 7. Let g be v(13). Suppose -c - 14 = c + 2*f, 3*f + g = 4*c. Calculate j(c).
-2
Let j be 1*((5 - 3) + -4 + -3). Let k(o) = o**3 + 4*o**2 - 7*o - 2. Calculate k(j).
8
Let s(v) = -2*v**3 + 2*v + 1. Let g be s(-1). Let x(n) = 9*n**2 + 4. Let h(c) be the first derivative of c**3/3 + c + 1. Let d(f) = -3*h(f) + x(f). Give d(g).
7
Let m(q) = -58*q - 587. Let j be m(-10). Let d(k) = 5*k**2 + 2*k - 6. Let n(c) = -4*c**2 - 3*c + 6. Let h(u) = -3*d(u) - 4*n(u). Calculate h(j).
1
Let t(b) = -b - 23. Let w(j) = -j - 36. Let k(h) = 7*t(h) - 5*w(h). Determine k(6).
7
Let k(i) be the second derivative of i**5/20 - 5*i**4/12 + i**3/3 - 3*i**2 + 2*i. Let t(p) = p**3 - p + 1. Let r(c) = k(c) - 2*t(c). Let u = -13 + 7. Give r(u).
4
Suppose -4*h - 2*r = -6, 11 = 4*h - h - 5*r. Let f(g) = h - 6*g - g - 7 + 6*g. Give f(4).
-9
Let v(h) = -5*h - 4. Suppose -5*u + q - 13 = 11, 3*q = -3*u. What is v(u)?
16
Let l(x) = -6*x - 3*x + 1 - 9*x + 17*x. Let a(j) = j**2 - 4*j - 10. Let n(f) = -a(f) - 4*l(f). Calculate n(8).
6
Let q = 268 + -262. Let i(c) = c**2 - 7*c + 9. Determine i(q).
3
Let j(t) = -5*t**2 + t - 13. Let y(v) = -9*v**2 + 2*v - 28. Let z(h) = -13*j(h) + 6*y(h). Calculate z(1).
11
Let g(k) = 4*k + 38. Let y be (-1)/((10/32)/(15/6)). Give g(y).
6
Let r(w) = -3*w + 5. Let x be r(5). Let u be 24/(-15) + 4/x. Let b(f) = -17*f - 2. Let n(s) = -24*s - 3. Let t(p) = 7*b(p) - 5*n(p). Determine t(u).
-1
Let m(q) be the third derivative of -1/60*q**5 - 1/120*q**6 + 0 + 6*q**2 - 2*q + 1/2*q**3 + 0*q**4. Let l be 6/27 - 2/9. What is m(l)?
3
Suppose -4*r = -5*r + 7. Let t(s) = s**3 + 9*s**2 + 3*s - 6. Let j(m) = 6*m**3 + 46*m**2 + 16*m - 29. Let b(l) = -2*j(l) + 11*t(l). Determine b(r).
-1
Let a be 2 + (-6)/(138/23). Let u(s) = -19*s**2 - 3. Let y(q) = 13*q**2 + 2. Let w(c) = -5*u(c) - 7*y(c). Give w(a).
5
Let d = -45 - -69. Suppose -2*x - 3*x + z = -d, -4 = -4*x - 3*z. Let v(t) = 0*t + 7*t - 6*t - 1 - x*t**2. Calculate v(1).
-4
Let a be ((-616)/(-308))/((-2)/(-4) + -1). Let u(d) = -d**3 - 3*d**2 - 4*d - 6. Give u(a).
26
Let v(s) = 4*s**3 - 2*s**2 - 2*s - 9. Let t(w) = 7*w**3 - 5*w**2 - 5*w - 16. Let p(f) = -5*t(f) + 9*v(f). Determine p(-3).
14
Let v(f) = -f**3 + f**2. Let i be (12 - 2/(-2)) + -2. Let y = 12 - i. Let w be 0*-1*y/(-2). Determine v(w).
0
Suppose 0 = -4*a - 3*f - 13, -2*f - 12 = -3*a + 3*f. Let l(j) = 3*j + 1. Give l(a).
-2
Let d(s) = 8*s + 70. Let p be d(-10). Let f(z) = z - 3. Give f(p).
-13
Let c(y) be the second derivative of y**4/12 + 2*y**3/3 - 3*y**2 + 162*y + 1. Give c(-5).
-1
Let x(t) be the first derivative of -9*t**4/4 + t**3/3 + t**2/2 + 231. Let y = -1 + 3. Suppose -5*m - y - 3 = 0. Determine x(m).
9
Let d(z) = -11*z**2 + 84*z + 10 - 72*z + 12*z**2. Give d(-9).
-17
Let r(p) = p**3 - p**2 + p + 1. Suppose 10*h = 12*h - 4. Suppose -h = -37*x + 36*x. Determine r(x).
7
Let f(i) = 2*i + 10. Let d be (2*((-6)/4)/(-1))/(-1). Give f(d).
4
Let o(a) = -a**2 - 4*a + 6. Let u(w) = -7*w - 2*w**2 + 7 - 9 +